ose -2*v + 11 = 3. Suppose 734 - b = v*d. What is the units digit of d?
0
What is the units digit of (125/5 - 0)/(26/15834)?
5
Let g(v) = 4*v**3 + v. Let x be g(1). Suppose 528 + 422 = x*r. What is the tens digit of r?
9
Let w(l) = -l**3 - 16*l**2 - 44*l + 39. Suppose 0 = 5*j + 61 + 19. What is the units digit of w(j)?
3
Let p = 28 - 28. Let c = 4 + p. Suppose q + 193 = 4*y - 2*q, 5*y - c*q = 241. What is the units digit of y?
9
Suppose d + d = -3*n - 54721, -d + 3*n = 27383. What is the tens digit of d/(-168) + (-6)/(-63)?
6
Let r = 4 - -28. Let k(q) = 80*q + 162. Let g be k(-2). Suppose 2*z = -o + r, -39 = -g*z + 5*o + 5. What is the units digit of z?
7
Let k be ((-3)/(-6))/(1/6). Suppose -2*w + k*w + p - 28 = 0, w = 5*p + 52. What is the tens digit of (w/14 - 2) + 1041/7?
4
Suppose 68*i = 69*i + 2*p - 64152, i - p - 64128 = 0. What is the units digit of i?
6
Suppose 152*n - 61*n = 256347. What is the units digit of n?
7
Suppose 26*n - 581181 - 754662 = 413775. What is the thousands digit of n?
7
Let n(z) = z**3 + 3*z**2 - 5*z + 1. Suppose -45 = 5*h + 2*j + 3*j, 0 = -5*h + j - 15. Let o be n(h). Suppose 4*r - o*r = -12. What is the units digit of r?
2
Let m be (-4891)/(-949) - 2/13. Suppose -4*a = -3*l + 275, -m*a - 20 = -10*a. What is the units digit of l?
7
What is the hundreds digit of 5/1 + (9 - (-159511)/11)?
5
Let y(b) be the first derivative of -b**3/3 + b**2 + 1396*b + 33. What is the thousands digit of y(0)?
1
Let z(p) = 21 - 16*p - 11*p**2 + 9 + p**3 + 6*p + 0*p**3. What is the tens digit of z(13)?
3
Let o(w) = 5*w**3 - 4*w**2 + 12*w + 7. Let c be o(4). Let d = c + -156. Let q = d + -58. What is the units digit of q?
7
Let w(j) = -j**3 - 15*j**2 - 13*j + 18. Let h be w(-14). Suppose n = -5*u + 2*n - 2202, 5*u - h*n + 2208 = 0. What is the tens digit of (u/6)/(9/(-27))?
2
Let m(k) = -891*k - 454. What is the hundreds digit of m(-3)?
2
Suppose -10 = -2*k, 2*t + 115*k - 113*k = 20446. What is the hundreds digit of t?
2
Let g = 131 + -49. Suppose -451 = -43*p + 237. Let m = g - p. What is the tens digit of m?
6
Suppose -3*q + 68957 = 2*j - 80301, -5*j = -4*q + 199072. What is the ten thousands digit of q?
4
Suppose -4*z + 2*z - 6*z = -108160. What is the ten thousands digit of z?
1
Let z(u) = 18*u - 41. Let g be z(9). Suppose -4*w + g = -459. What is the tens digit of w?
4
Suppose -o = 2*q - 4969, 3*o - 23*q = -27*q + 14901. What is the thousands digit of o?
4
Suppose 0 = -4*b + j + 184213, -138161 = -3*b - 6*j + 7*j. What is the tens digit of b?
5
Let f(w) = -w - 7. Let m be f(-11). Let b = -210 + 215. Suppose 1068 = b*c - 2*x + 71, 4*c - m*x - 788 = 0. What is the tens digit of c?
0
Let i(z) = -z**2 - 2*z + 29. Let u(k) = -2*k**2 - 5*k + 57. Let c(d) = -5*i(d) + 2*u(d). Let r be c(-14). Let j = -33 + r. What is the hundreds digit of j?
1
Let l(q) = -4*q**3 + q**2 - 26*q - 43. What is the thousands digit of l(-11)?
5
Let w(b) = -4*b**3 - 14*b**2 - 9*b - 20. Let k(d) = d**3 + d**2 - d + 1. Let a be 0 - 3 - 1 - -5. Let m(r) = a*w(r) + 5*k(r). What is the units digit of m(11)?
3
Let q = -710 - -1422. Suppose -q + 9544 = 46*f. What is the units digit of f?
2
Suppose -3*c = 2 + 13, -4*h + 5*c = -193. Suppose 0 = h*n - 35*n - 2485. What is the units digit of n?
5
Let a be (-3)/(-18)*14054 - 1/3. Suppose -a - 1318 = -10*k. What is the tens digit of k?
6
Let j = 71814 - 35477. What is the hundreds digit of j?
3
Suppose 0 - 57 = -3*o - 4*i, -i - 38 = -2*o. Let d(y) = -38*y + 182. Let v be d(-7). Suppose 15*c - o*c = -v. What is the hundreds digit of c?
1
Let a be (0 - (2 + 0)) + 4. Let p(w) be the first derivative of 27*w**2/2 + w + 325. What is the tens digit of p(a)?
5
Suppose -27 = -3*l - 6. What is the hundreds digit of (0 - -348 - l)*3?
0
Let o = 95 + -75. Let t = o - 18. Suppose -43 + 13 = -x - 2*q, x - t*q = 34. What is the units digit of x?
2
Let w = -38 + 40. Let z(j) = j**3 - 3*j**2 + 2*j + 1. Let n be z(w). What is the hundreds digit of n/4 - (1596/(-16) + -5)?
1
Let b = 201 + -117. Let v(i) = 2*i**2 - 49*i + 28. Let u be v(24). Suppose -2*k = 4*t - b - 36, u*k - 4*t = 276. What is the units digit of k?
6
Let g be (-3)/(-6)*-5*16/(-20). Suppose 140 + g = -2*z. Let a = z + 112. What is the tens digit of a?
4
Suppose 0 = -4*x + 5341 + 15323. What is the tens digit of x?
6
Let j(c) = -2*c**2 + c. Let k be j(1). Let t be 2*k/((-3)/42). Suppose -5*i - t = -3*o, 2*o - o - i - 10 = 0. What is the units digit of o?
1
Suppose -99050 = -17104*t + 17094*t. What is the thousands digit of t?
9
Let t(s) = 536*s**2 + 10*s - 25. What is the tens digit of t(8)?
5
What is the tens digit of 29 + (-6)/(-54) + 518/(-126)?
2
Let l = -45 - -69. Let g = 46 - l. What is the hundreds digit of (1 - g - 2)*(3 - 11)?
1
Suppose 3217 = -9*p - 2255. Let t = -359 - p. What is the tens digit of t?
4
Let v(b) = 76*b**2 + 13*b + 109. What is the hundreds digit of v(11)?
4
Suppose 5*u - 5*l - 220 = 0, 4*u + 0*l = l + 188. Suppose 0 = 4*n - 2*n - u. Suppose -2*g + 72 + n = y, -y + 49 = g. What is the units digit of g?
7
Suppose 5*p = -4*k + 16567, -110*p + 106*p + 13247 = k. What is the units digit of p?
1
Let w(t) be the first derivative of t**4/4 - t**3/3 + 3*t**2 - 1. Let u(x) be the second derivative of w(x). What is the units digit of u(11)?
4
Suppose y - 2516 = 2*o, -5230 - 7376 = -5*y - 3*o. What is the hundreds digit of y?
5
Let b(n) = -n + 9. Suppose 2*f - 3*h - 11 = -0*h, -4*f - 3*h = -31. Let i be b(f). What is the hundreds digit of 1281/12 + (i/(-8))/(-1)?
1
Let k(a) = -80*a - 11 + 125*a + 20. What is the units digit of k(18)?
9
Let a be (243/6)/9*2/3. Suppose 4*q + 4*s - 392 = 0, -218 - 75 = -a*q - 4*s. What is the tens digit of q?
9
Let d(x) = -32*x**3 - x**2 + 23*x - 19. What is the hundreds digit of d(-6)?
7
Suppose 40*q - 36*q - 20 = 0. Suppose q*d - 8 = 3*d. Suppose -d*l - 102 = -602. What is the units digit of l?
5
What is the thousands digit of (-3)/2*(-2329960)/186?
8
Let g(b) = -b**3 - 2*b**2 + 5*b - 16. Let u be 1/(-5) - (-390)/(-50). What is the units digit of g(u)?
8
Let k(f) = 23*f**3 + 4*f**2 - 2*f - 2. Let g be k(2). What is the tens digit of (g/3)/2 + 104/(-312)?
3
Suppose -7*j + 41 = 13. Suppose -950 = j*b + b. Let f = b - -274. What is the tens digit of f?
8
Let l(k) = -4101*k - 3374. What is the thousands digit of l(-10)?
7
Let w(c) = 1. Let p(u) = 25*u + 6. Let l(a) = p(a) + 6*w(a). Let k(s) = -s. Let g(y) = 6*k(y) + l(y). What is the hundreds digit of g(6)?
1
Suppose -2*h + 1927 = 5*k, 3*h = k + k - 767. Suppose 15 + k = 25*i. What is the units digit of i?
6
Let u(z) = 4*z**2 + 209*z + 743. What is the tens digit of u(-137)?
8
Let x(y) = -5*y - 41. Let u be x(-9). Suppose j = -v + 44, -4*j + 168 = u*v - 2*j. What is the tens digit of v?
4
Let g(a) = 4*a + 29. Let b(j) = 4*j + 30. Suppose -19 = 3*t + 2*f, f = 2*f + 2. Let r(m) = t*b(m) + 4*g(m). What is the units digit of r(-13)?
8
Let t(f) = f**3 + 10*f**2 - 36*f - 151. Let l be t(-12). What is the hundreds digit of ((-1035)/27 + l)*-12?
5
Suppose -3326*f + 3284*f + 351666 = 0. What is the thousands digit of f?
8
Let n(j) = -40*j**3 - 2*j**2 + 22*j + 151. What is the hundreds digit of n(-7)?
6
Suppose -8*c = -15*c + 15092. Suppose -4*l + 5*i + c = -23, -3*i = 2*l - 1073. What is the units digit of l?
1
Suppose -2*f - 46 = -d, 0*d = -5*d - 5*f + 200. Suppose -d = -3*a - 0*a. What is the tens digit of (-4)/14 - (-914)/a - -3?
6
Let w = 2516 - 1767. Let l = w - 365. Suppose -2*t - y - 144 = -l, 0 = -5*t + 2*y + 609. What is the tens digit of t?
2
Let u(r) = r**3 - 4*r**2 + r + 7. Suppose 3*b - 3 = 6. Suppose -b*s + 24 - 9 = 0. What is the tens digit of u(s)?
3
Suppose 0 = -233*b + 144*b + 666521. What is the hundreds digit of b?
4
Let f(h) = 59*h - 13. Let y be f(4). Let p = -39 + y. Suppose -10 = 6*m - p. What is the units digit of m?
9
Let o(w) = w**2. Suppose -7*q - 16 = -4*s - 3*q, -5*s = -2*q - 5. Let g(n) = 18*n**2 + 4*n - 14. Let v(x) = s*o(x) + g(x). What is the hundreds digit of v(3)?
1
Let f(k) = 16*k + 28. Let x(s) be the first derivative of 8*s**2 + 27*s - 14. Let r(a) = 6*f(a) - 7*x(a). What is the tens digit of r(-6)?
7
Let a(r) = -3*r - 28*r**2 - 24 + 12*r**2 + 8*r**2 + 9*r**2. What is the hundreds digit of a(21)?
3
What is the units digit of (6024/(-18))/(14/(-189))?
8